 3*h - 5*s. Give n(h).
6
Let k(x) = -3*x**2 - x. Let m = 11 + -9. Suppose m*n + 1 + 1 = 0. Give k(n).
-2
Let p(f) = -f - 4. Suppose 2*l + 0*c = 3*c - 35, 4*c + 78 = -3*l. Let z be 7/2 + (-1)/(-2). Let x be l/z + (-2)/(-4). Determine p(x).
1
Let k(x) = -4*x - 4. Let b(z) = -11*z - 11. Let o(c) = -3*b(c) + 8*k(c). Give o(0).
1
Suppose 0 = 5*a + 3*h - 5 - 4, -5*a + h = -17. Let j(w) = -w**2 - w + 3. Calculate j(a).
-9
Suppose -f - 10 = -6*f. Let z(q) = 3*q**2 - q + 5*q**3 + 3 - 3*q - 3*q**3 - 3*q**3. What is z(f)?
-1
Let h(p) = -4*p**3 + 1. Let n(m) = m + 1. Let c be n(-2). Let f(o) = -o**3 - o**2 + 2*o + 1. Let y be f(c). Determine h(y).
5
Let k(x) = 6*x**3 - 2*x**2 - 2*x + 3. Let n be k(1). Let g(j) be the second derivative of 1/20*j**n + 2*j**2 + 0 - j**3 - 1/3*j**4 - 3*j. What is g(5)?
-1
Let t be (-3)/6 - 3/(-6). Suppose t*q + 10 = 5*q. Suppose m + 5*g = 5, g = -2*m - q*m + 20. Let i(x) = x**2 - 3*x - 4. What is i(m)?
6
Let c = -4 + 1. Let l be c/(-3)*(1 - 1). Let y(b) = 4*b**3 - 3*b**2 + 3*b + 5. Let h(m) = -m**3 + m**2 - m + 1. Let j(f) = 3*h(f) + y(f). Determine j(l).
8
Let h(z) = 3*z**2 + 5*z - 2. Let f(x) = -2*x**2 - 5*x + 2. Let r(y) = 4*f(y) + 3*h(y). Give r(4).
-2
Let m(a) = -57 + 2*a**2 + 113 - 58. Determine m(-3).
16
Let u(j) = -j**2 + 6*j - 6. Suppose -2*y = -4, -2*y - 3*y = 5*z - 40. Let f be u(z). Let o(a) = a + 4. Determine o(f).
-2
Suppose -4*g + 3*g + 1 = 0. Let t(u) = 4*u - 4*u + g - u - 4. What is t(0)?
-3
Suppose 2*t + 3*t + 10 = 0. Let p(v) = 4*v**2 + 3*v + 1. Determine p(t).
11
Let k be 3/1 - (-4 + 1). Let l(h) = -2*h + 1. Let j(z) = -z - 1. Let i(v) = j(v) - l(v). Give i(k).
4
Suppose -2*d - 3*z + 3 - 11 = 0, d - 3*z = 14. Let q(i) = -i + 2*i**d - 6 + 6*i**2 - 7*i**2. What is q(0)?
-6
Let f(c) be the first derivative of -c**2/2 - 3*c - 1. Suppose 0 = -2*k - 1 - 3. Let o be (15/12)/(k/8). Calculate f(o).
2
Suppose 0 = 5*f - 5*h + 40, -h + 5*h = -3*f - 17. Let x(q) be the second derivative of q**5/20 + q**4/2 - 3*q**3/2 - 3*q**2 - 2*q. Give x(f).
8
Let b(k) be the first derivative of 2 + 10*k - 5/2*k**2 - 1/3*k**3. What is b(-7)?
-4
Let m be (-1)/(-4) - 68/16. Let c(t) be the third derivative of -t**4/12 - t**3 - 7*t**2. Give c(m).
2
Let c(h) = h**3 + 1. Suppose -5*q + 30 = 5*f, 5 = q + 2*f - 3. Suppose -q*g + 139 = 43. Suppose 3*x = -3*u + 9, -5*u + g = -x + 9. What is c(x)?
1
Let t be -1*(1 - -1) - -4. Let v(u) = -2*u + 1. Let b(d) = d**2 + 2*d. Let g(i) = 2*b(i) + 3*v(i). Give g(t).
7
Let q(r) be the second derivative of r**2 + 0 - 1/24*r**4 - 1/60*r**5 + 1/3*r**3 + r. Let y(z) be the first derivative of q(z). Determine y(-3).
-4
Let u be 6/3*4/(-8). Let m(q) = 13*q**3 + q**2 + q. What is m(u)?
-13
Let q(z) = z. Let i(b) be the first derivative of 4*b**2 - 1. Let o(m) = 6*i(m) - 51*q(m). Suppose u - 1 = -4. Determine o(u).
9
Let a(z) = 6*z**2 - z. Let n(u) = u**2. Let f(w) = 2*w**2 - w. Let i(m) = f(m) + 3*n(m). Let t(s) = 3*a(s) - 4*i(s). What is t(1)?
-1
Suppose 0 = -4*w - 7 - 9. Let a(z) be the second derivative of -z**4/12 - z**3/2 - z**2 + 7*z. Give a(w).
-6
Let x(i) = 6*i**2 - i**2 - 6 - i**3 + 2*i**2. What is x(7)?
-6
Let w be 5/(3/3) + -2. Let p(f) = -f**w + 1 + 0 - 2. What is p(-1)?
0
Let i(l) be the first derivative of -l**3/3 + 3*l**2 - 3*l - 18. Let t(y) = y**2 + 5*y + 6. Let f be t(-4). Calculate i(f).
5
Let i(o) = -4*o + 3. Let c = -29 + 31. Calculate i(c).
-5
Let t(d) = -d**3 - 6*d**2 - d - 4. Let b(v) = -2*v**2 + 4*v. Let q be b(3). Give t(q).
2
Let b be 1*6*2/3. Let j(v) = 3*v**2 - 3 + 5*v**3 - 3*v**3 - b*v - 4. Let g(k) = k**3 + k**2 - k - 1. Let l(w) = 3*g(w) - j(w). Give l(0).
4
Let w be 1 + 0 + 0 - 6. Let h(r) = -r**3 - 5*r**2 - 6. What is h(w)?
-6
Let u(h) be the third derivative of h**4/12 + h**3/2 - h**2. Give u(-4).
-5
Let p(t) be the first derivative of 3*t**2/2 - 3*t - 6. What is p(2)?
3
Suppose 4*u + 9*u = 0. Let t(g) = 0 - g + 2 + 1. Calculate t(u).
3
Let k(u) be the second derivative of u**3/6 - 11*u**2/2 + 4*u - 10. What is k(13)?
2
Let g(j) = 3*j**2 + j**2 - 3*j**2 - 3*j + 2*j. Suppose 12 - 27 = -5*q. Let o be 5/q + 6/(-9). Calculate g(o).
0
Let k(s) be the first derivative of -7 + 2*s**3 + s - 1/4*s**4 - 3*s**2. Determine k(5).
-4
Let m(r) be the third derivative of r**4/12 + r**3/6 - 8*r**2. Calculate m(1).
3
Let y(s) = 3*s - 1. Let d(f) = f - 5. Let b(q) = -2*q + 9. Let a(z) = -2*b(z) - 5*d(z). Let x be a(11). Let c be x/6 - 5/(-3). Determine y(c).
2
Suppose 0 = 4*d + 4 - 20. Suppose -4*m - d = -2*m. Let k(z) = -2*z**3 + 3*z**2 + 4. Let a(w) = -3*w**3 + 6*w**2 + 7. Let g(h) = -4*a(h) + 7*k(h). Give g(m).
4
Let g(s) = 5*s**2 - s. Let n be (20/(-8))/(1/(-2)). Suppose -n*k + 0 = 5. Give g(k).
6
Let n(a) = -3*a**3 + 6*a**2 - a + 2. Let w(t) = -10*t**3 + 19*t**2 - 4*t + 7. Let j(h) = 7*n(h) - 2*w(h). Give j(4).
4
Let u(f) be the third derivative of -f**5/60 - 7*f**4/24 - 2*f**3/3 + 3*f**2. Determine u(-3).
8
Let h = 3 - 0. Suppose -n + 5*j = -20, -3*n + 11 - 51 = 5*j. Let f = n + h. Let l(a) = a + 1. What is l(f)?
-1
Let u(o) be the second derivative of 0*o**3 + 0*o**2 + 1/10*o**5 + 2*o + 0 + 1/12*o**4. Let j(g) = -3*g**3 - g**2. Let a(z) = -3*j(z) - 4*u(z). Give a(1).
0
Let o(n) be the second derivative of n**5/20 + n**4/3 - n**3/6 + n**2 + n. Let d(v) = 2*v. Let g be d(1). Suppose g*r + 5 + 3 = 0. Give o(r).
6
Let d be (-1)/5 + 52/10. Let g(n) = -2*n - 4. Let i be g(-3). Let k(m) = 9*m - 2*m - m**i - 1 - 6. Give k(d).
3
Let s(k) = -k**2 - 7*k + 3. Let u(r) = r**2 + r - 1. Let z(j) = s(j) + 2*u(j). Determine z(4).
-3
Let v(r) = 2*r**2 - 2*r + 1. Let k be v(1). Let g be 2 + k + 2/(-2). Let i(n) be the second derivative of n**4/12 - n**3/6 - n**2 - 2*n. What is i(g)?
0
Suppose 0 = 3*c - 5*i - 3, -5*c - 3*i + 42 = i. Let w be ((-3)/c)/((-4)/(-48)). Let y(h) = h - 1. Give y(w).
-7
Let t(r) = 9. Let y(d) = -d - 1. Let u(l) = t(l) + y(l). Let b be u(7). Let q = 2 + b. Let c(a) = a**2 - 4*a + 3. Determine c(q).
0
Let z(b) be the first derivative of 3*b**2/2 - 4*b - 16. Determine z(-3).
-13
Let q(l) = -27*l**2 + 2 - l - l + 0*l + 29*l**2. Calculate q(2).
6
Let n(m) = -6*m**3 + 12*m**2 - 10*m + 5. Let v(t) = 7*t**3 - 13*t**2 + 11*t - 6. Let w be (10/(-6))/(1/(-3)). Let h(b) = w*v(b) + 6*n(b). Determine h(6).
6
Let v(l) = l**2 - l - 12. Let w be ((-4)/6)/(14/(-189)). Let i = w + -9. Calculate v(i).
-12
Let h = 23 - 25. Let i(q) be the first derivative of -1 + 0*q**3 + 1/4*q**4 - 3*q - 2*q**2. Determine i(h).
-3
Let r(i) = 3*i**2 + 2*i**3 - 7*i**2 + 4*i**2 + 3*i. Let w(c) = 2*c**3 + c**2 + 3*c. Let u(z) = 3*r(z) - 2*w(z). Give u(2).
14
Let h(y) be the second derivative of y**4/12 + y**3/2 - 3*y**2/2 - 20*y. Give h(-5).
7
Let r(t) = t**3 + t**2 + 4. Let z(a) = -a**2 + a + 2. Let d(o) = -7*o**2 + 2 + o**3 + 2*o + 2*o + 2*o. Let w be d(6). Let q be z(w). What is r(q)?
4
Let u(q) = q**2 + 5*q - 1. Let t(z) = z**2 - 10*z + 19. Let n be t(6). What is u(n)?
-1
Let c(k) = k. Let n be (-2)/(-9) + 244/36. Give c(n).
7
Let k(c) = c - 4. Suppose 5*f = 0, -3*t - 6 = f - 21. What is k(t)?
1
Let q be ((-4)/(-10))/((-2)/(-10)). Suppose q*c - 13 = -3*t, c - 4*t - 16 = -3*c. Let w = c - 3. Let n(j) = -j**3 + 4*j - 3. What is n(w)?
-3
Let r be 9/(-2 + 5)*1. Let m(l) = -l**3 + l**2 - l + 1. Let z(x) = -2*x**3 + 2*x**2 - x + 2. Suppose 3 = -2*d + 1. Let c(g) = d*z(g) + r*m(g). What is c(2)?
-7
Let n(d) = d**3 - 4*d**2 + 3*d + 3. Let g(s) = -2*s**3 + 7*s**2 - 5*s - 5. Let q(r) = 3*g(r) + 5*n(r). Give q(0).
0
Let y(m) = m**2 + 5*m + 2. Let j(d) = -5*d**2 - 25*d - 10. Let x(t) = 2*j(t) + 11*y(t). Determine x(-2).
-4
Suppose 22*v - 10 = 27*v. Let y be -10*(6/4)/(-3). Let h(o) = o**2 - 5 + 2 + y. What is h(v)?
6
Let q(p) = -p**2 - 8*p - 2. Let b be q(-7). Let d(u) = -9*u**2 - u**3 + 1 + b + 14*u**2. Let h = 4 + 1. Calculate d(h).
6
Let q be 2 + -1 + 1 - 7. Let t(g) = -4*g**2 - 8*g + 6. Let l(b) = -3*b**2 - 7*b + 6. Let u(k) = -3*l(k) + 2*t(k). Calculate u(q).
-6
Let w(m) = 2*m**2 - 3*m + 3. Let r(h) = -10 - 6*h**2 - h**2 + 3*h + 6*h**2 + 10*h. Let n be r(12). Calculate w(n).
5
Let o = 1 - 4. Let h(z) = -2*z - 18. Let k(v) = -v - 5. Let n(l) = 3*l + 16. Let c(r) = -11*k(r) - 4*n(r). Let m(y) = o*h(y) + 5*c(y). Determine m(-5).
4
Suppose k = 2*k - 5. Let d(x) = k*x**3 - 5 - 6*x**3 - 4*x**2 + 8*x + 10. Suppose 5*s - 3*s = 